6
Let f(l) = -43*l - 74. Let u be f(-4). Calculate the greatest common divisor of 14 and u.
14
Suppose -4*s + 53 = -27. What is the highest common divisor of 16 and s?
4
Suppose -91850 = -92*c + 319942. Calculate the greatest common divisor of c and 12.
12
Let l(g) = 8*g**2 + 2*g - 3. Let q be l(2). Let k = -23 + q. Calculate the highest common divisor of k and 90.
10
Let q(r) = r**3 + 12*r**2 - 10*r - 4. Let m be q(-12). Suppose 3*x - 73 = m. What is the highest common divisor of 21 and x?
21
Suppose -2*q + j + 7 = 0, 2*q = -3*j - 3 - 2. Let m(s) = -s**2 - 10*s + 4. Let i be m(-10). Calculate the greatest common divisor of i and q.
2
Let h(v) = -7*v - 8. Suppose -3*a - 12 = -a. Let d be h(a). What is the greatest common factor of d and 17?
17
Let f = -609 + 704. What is the greatest common factor of f and 190?
95
Let r be (-2)/9 - 1/((-63)/581). Let q(h) = -h**3 + 8*h**2 + 10*h + 1. Let o be q(r). What is the greatest common factor of o and 10?
10
Suppose 44*n = 43*n + 162. Calculate the highest common divisor of n and 18.
18
Let m = 39 + -84. Let g = m - -50. Calculate the greatest common factor of g and 35.
5
Let k be (-702)/91 + 4/(-14). Let c = -4 - k. Let j(m) = m**3 - 3*m**2 + m + 3. Let z be j(3). What is the greatest common factor of z and c?
2
Suppose 4*h + 1100 = 29*h. What is the highest common factor of h and 1892?
44
Suppose -x + 4 = -1. Suppose -l = -3*l - 2*t + 38, 2*l - x*t = 59. What is the highest common divisor of 66 and l?
22
Let i = 123 - -93. Calculate the highest common divisor of 8 and i.
8
Let w(l) = -l - 4. Let y(f) = -f**2 + f + 1. Let h(o) = w(o) - 4*y(o). Let m be h(7). Suppose 2*r + 9 = 43. What is the greatest common divisor of r and m?
17
Let k(l) = 31*l - 1. Let u be k(1). Let n(d) = d**3 + 12*d**2 + 29*d + 3. Let a be n(-7). What is the highest common divisor of a and u?
15
Suppose 1124 + 4792 = 4*z. What is the greatest common divisor of z and 51?
51
Suppose 30*n - 25*n - 20 = 0. Let o be n/(-24) + (-2 - 145/(-6)). What is the greatest common factor of o and 99?
11
Let x = 54 - 57. Let l be (-5 + x)/((-2)/16). What is the highest common factor of l and 16?
16
Suppose 4*w = -7*f + 4*f + 15, -4*w + 5 = f. What is the highest common divisor of f and 160?
5
Let m = -23 + 23. Suppose -n = c + 6 - 36, m = 4*c - n - 130. Let l be (44/(-6))/(c/(-48)). Calculate the greatest common factor of 77 and l.
11
Let p be 38/1*20/(-40). Let v(k) = k + 31. Let n be v(p). Calculate the highest common divisor of 84 and n.
12
Let g be (2 - (-24)/(-9))/(2/(-12)). Suppose 8*d - 1000 = g*d. What is the highest common factor of 100 and d?
50
Let s be (1 - 0)*4 + 101. Let x be (8/20 - (-354)/(-10))*-1. Calculate the greatest common divisor of x and s.
35
Let w = 5 + -3. Let g = -150 + 102. Let p = g + 58. What is the greatest common divisor of w and p?
2
Suppose -2*b - 10*y + 40 = -6*y, -2*b + 31 = -5*y. Let x be (b/45)/((-3)/(-180)). Calculate the highest common divisor of x and 56.
8
Let i = 27 + -27. Suppose 3*g - 5*m - 18 = -g, -2*g - m + 16 = i. What is the highest common factor of 1 and g?
1
Let s be 1/(-3) - 4805/(-15). Suppose 3*w = 4*c - s, -4*c + c - 3*w = -219. What is the greatest common factor of c and 7?
7
Suppose 13*m + 157 = 3069. Calculate the greatest common divisor of m and 70.
14
Let r(n) = -2*n**3 - 21*n**2 + 37*n + 16. Let x be r(-12). Let d = 11 + -3. Calculate the highest common factor of d and x.
4
Let k be (((-6)/4)/(-1))/((-84)/(-2240)). Let j = 184 - k. Calculate the greatest common factor of j and 36.
36
Let i(m) = -m**3 - m + 21. Suppose 2*s - 23 + 7 = 0. Let n be (-4)/s - (-3)/6. Let h be i(n). Calculate the highest common factor of 3 and h.
3
Let b(s) = -2*s**2 + 3*s + 20. Let o(t) = t**2 - 2*t - 10. Let j(v) = 3*b(v) + 5*o(v). Let q be j(0). Calculate the highest common factor of 4 and q.
2
Let w be 21/(-6)*100/(-35). Let l be (-16)/w + 15/25. Let s(z) = 6*z**2 - 2*z - 1. Let r be s(l). Calculate the greatest common divisor of r and 28.
7
Let m(u) = 167*u - 5. Let j be m(3). Suppose -2*q = -5*q - 2*v - 638, v - 1085 = 5*q. Let x = j + q. Calculate the greatest common factor of x and 35.
35
Suppose 57*h = 64*h - 98. Calculate the highest common divisor of h and 7.
7
Let b(s) = 107*s + 794. Let v be b(-7). Calculate the greatest common factor of 55 and v.
5
Suppose 33*q - 42*q = -72. What is the highest common divisor of q and 256?
8
Let f be (6/4)/((-33)/(-44)). Suppose 4*m + 7 = 11. What is the greatest common divisor of f and m?
1
Let l(n) = -39*n - 9. Let o be l(-3). Suppose 4*u - 7*u = -o. What is the highest common divisor of 48 and u?
12
Let r(h) = -h**2 + 10*h + 41. Let k be r(12). Calculate the highest common factor of 17 and k.
17
Suppose -59*x + 58*x - 1823 = -3*f, 2 = 2*x. What is the highest common factor of f and 76?
76
Let g = -1 - -6. Let h be (-1 + g)/(2/(-4)). Let f = h + 22. What is the greatest common divisor of f and 42?
14
Let a be 1 - (-236)/(-8) - (-3)/6. Let r = -14 - a. Calculate the greatest common factor of 70 and r.
14
Let b be (-41)/(2 + -3) + -2. What is the highest common divisor of b and 39?
39
Let t(q) = 9*q**2 + 60*q + 1. Let r be t(-7). What is the highest common divisor of r and 330?
22
Let q(d) = 5*d**2 - 13*d + 18. Let w be q(5). Calculate the highest common factor of 60 and w.
6
Suppose 834 = 2*y - 294. What is the highest common divisor of y and 24?
12
Suppose 4*l - 22 = -6. Let r(z) = 42*z**3 + 4*z**2 + 6*z + 1. Let m be r(-1). Let t = -23 - m. Calculate the greatest common divisor of l and t.
4
Let o be ((-1824)/(-36))/(4/9). Calculate the greatest common factor of o and 42.
6
Suppose 4*o - 2072 = 836. Suppose -j = 3*c - o, 2*c + 4*j - 1207 = -3*c. Calculate the highest common divisor of c and 27.
27
Let k = 3704 - 3640. Let u = 48 + -32. Calculate the greatest common divisor of k and u.
16
Let d = 43 + -29. Let r(c) be the second derivative of 63*c**5/10 - c. Let q be r(1). What is the greatest common divisor of d and q?
14
Suppose 0 = -13*z - 453 + 1584. What is the greatest common divisor of z and 6?
3
Suppose 0 = f - 7*f + 36. Suppose x - 4*z + f = 28, -5*x = -3*z - 93. Let s = -19 - -46. Calculate the highest common divisor of s and x.
9
Suppose 0*x - 2*x = -22. Suppose -2 = 3*k - x. Let j be -2*(k - 45/6). What is the highest common factor of j and 9?
9
Let k be (-5 + 26)*1/3. Let d be 2*(0 - 1) + 12. Let r be 208/5 - d/(-25). What is the highest common factor of r and k?
7
Let h(o) = o**2 - 11*o - 13. Let y be h(12). Let t be (5/3 + y)*3. Let r = -5 + 21. Calculate the greatest common factor of r and t.
2
Let v = 9 + 1. Let n = 158 + -98. Calculate the greatest common factor of n and v.
10
Suppose -2*s - s - 3*b = -15, 3*b + 55 = 4*s. What is the highest common divisor of s and 150?
10
Let k(p) = 9*p - 3. Let y be k(1). Suppose x = 2*d + y + 4, -2*x + 5 = d. What is the greatest common divisor of 12 and x?
4
Let a be -9*(94/(-2) - 2) - -3. Suppose -z = 2*b - 58 - 85, -3*z + a = 3*b. What is the highest common factor of z and 17?
17
Let c = -253 - -289. What is the greatest common factor of 372 and c?
12
Suppose 4*v - 127 - 265 = 0. Let z be (10/320*8)/1*28. Calculate the highest common factor of z and v.
7
Suppose -7 = -5*f + 203. Let n be ((-3)/(18/56))/((-7)/f). What is the highest common divisor of 8 and n?
8
Let v(h) be the first derivative of -15*h**2 - 22*h - 7. Let g be v(-4). Calculate the highest common factor of g and 7.
7
Suppose -34*f = -31*f - 1320. What is the highest common divisor of 352 and f?
88
Suppose -4*c - 71 = -519. Suppose 3*o - 110 = -4*a, 0*a + 4*o - c = -4*a. Calculate the greatest common factor of a and 104.
26
Suppose 25*t = -253 + 1228. What is the highest common divisor of 65 and t?
13
Suppose 0*v - 4*v = 2*w - 2174, 5*v - 2722 = 2*w. Calculate the highest common factor of v and 34.
34
Suppose 2*c - 620 = b - 6*b, -b - 596 = -2*c. What is the highest common factor of 400 and c?
100
Let k(a) = -1480*a + 5. Let f be k(-1). Suppose 0 = -2*d + 3*i + 594, -5*d + 5*i + 0*i = -f. Calculate the highest common divisor of d and 27.
27
Suppose -4 = 3*o - 1, -3*a + 3*o + 30 = 0. Let r be ((-285)/20)/(a/(-24)). Let u be -19*(-1 + 7)/(-2). What is the greatest common divisor of u and r?
19
Let z be -3*((-4)/(-12) - 3). Let j be 140/6